464b3
In base 5, what is 11221120 + 20213?
11241333
In base 3, what is 210200220122200 - -12?
210200220122212
In base 5, what is 143112440 + 11?
143113001
In base 4, what is -102113 - 302121333?
-302230112
In base 15, what is -4da12d - -3?
-4da12a
In base 3, what is -100101222 - 10211020101?
-11011122100
In base 10, what is 158 - -341347?
341505
In base 14, what is 8 + 1ac557?
1ac561
In base 4, what is 2 + 113013303?
113013311
In base 3, what is -10111202 + -101201200?
-112020102
In base 6, what is 11 - 3511505254?
-3511505243
In base 6, what is 2213 + 14425135?
14431352
In base 15, what is d - 5db2c?
-5db1e
In base 10, what is -10288 - -19837?
9549
In base 13, what is -2 - b087b95?
-b087b97
In base 10, what is 968 - -52375?
53343
In base 11, what is -8524 - -35a?
-8175
In base 5, what is -421040 - -111003?
-310032
In base 2, what is -1111001011000000000101 - -100011?
-1111001010111111100010
In base 15, what is 9d850 + -19?
9d836
In base 10, what is 1654 + -92869?
-91215
In base 3, what is 22012 - -2201111222?
2201211011
In base 10, what is -2537 + -980?
-3517
In base 9, what is 3 - 162162?
-162158
In base 15, what is 1ed635 + 29?
1ed65e
In base 15, what is -3552a1 + 10?
-355291
In base 7, what is 32030 + 63246?
125306
In base 15, what is 19754 + -8?
1974b
In base 2, what is 10101001111011001 + -11100111?
10101001011110010
In base 11, what is 2 - 46794a1?
-467949a
In base 8, what is -20 - -2665705?
2665665
In base 13, what is 9679 + 27?
96a3
In base 12, what is b911 - -3ba0?
138b1
In base 13, what is -65994 - 2266?
-67c2a
In base 9, what is -7138763 + -463?
-7140336
In base 3, what is 122112102000210 + -202?
122112102000001
In base 2, what is 10010011010010010111110110 + -1111?
10010011010010010111100111
In base 16, what is 32f1 - -28dd?
5bce
In base 8, what is -75573142 + 2?
-75573140
In base 4, what is -11203120 + 11030?
-11132030
In base 3, what is -202 + 10220120220?
10220120011
In base 13, what is -27c21028 + 4?
-27c21024
In base 15, what is 8e384d8 + -3?
8e384d5
In base 7, what is -1500123250 - -2?
-1500123245
In base 16, what is -30e06 - -54?
-30db2
In base 9, what is 44257 + -1106?
43151
In base 9, what is -1 - -10677283?
10677282
In base 3, what is -2 - 22002102210121?
-22002102210200
In base 11, what is -1585a2 + -17?
-158609
In base 4, what is -133020 - -113?
-132301
In base 4, what is 312032201 - 303?
312031232
In base 15, what is -224b0353 - -4?
-224b034e
In base 8, what is 7 - 1534466?
-1534457
In base 4, what is 11 + 12031331230013?
12031331230030
In base 14, what is -d9b11 + 0?
-d9b11
In base 7, what is -2522551 + -62?
-2522643
In base 14, what is a45a + 14b?
a5a7
In base 4, what is -232221 + -222103?
-1120330
In base 14, what is -15068383 + -5?
-15068388
In base 11, what is -105 + -3a2955?
-3a2a5a
In base 15, what is -7ee002 + 5?
-7edeec
In base 15, what is -ea12 + 24e?
-e7b3
In base 13, what is -22138 + -563?
-2269b
In base 9, what is 134 - -2608110?
2608244
In base 6, what is 124303111051 - -4?
124303111055
In base 6, what is -1411 - 112025?
-113440
In base 5, what is 24032344342 - 31?
24032344311
In base 5, what is 33022 + 10024?
43101
In base 7, what is -123553336 + 0?
-123553336
In base 5, what is -13210321 - 113?
-13210434
In base 13, what is -17896 + 89?
-1780a
In base 6, what is -12443422 + 412?
-12443010
In base 9, what is 211 - 5803?
-5582
In base 6, what is 20 + -43305032?
-43305012
In base 15, what is 309a58 - -2d2?
309d3a
In base 13, what is -6c - b21b0?
-b224c
In base 10, what is -320976 - 1739?
-322715
In base 14, what is -136dd7b - 2?
-136dd7d
In base 7, what is 166 + -16613250?
-16613051
In base 12, what is 0 - 7107891b?
-7107891b
In base 16, what is 19 + 715a0?
715b9
In base 2, what is -1000 + -100010001101110101001?
-100010001101110110001
In base 3, what is 1210122 + -200012021?
-121101122
In base 13, what is 197b + c48?
28c6
In base 11, what is 84748 - -3a7a?
88717
In base 3, what is 1221112120 - -10011122?
2001201012
In base 5, what is 1122002 + -4032?
1112420
In base 11, what is -48 + 7094a6?
709459
In base 8, what is 10077061334 - -1?
10077061335
In base 2, what is 10110100010000000 + 0?
10110100010000000
In base 14, what is 3a + 204c0?
2051a
In base 9, what is 10561823 + 4?
10561827
In base 15, what is 193165 - 4b5?
192ba0
In base 11, what is 2962 - a11?
1a51
In base 12, what is -37a962 + -3?
-37a965
In base 9, what is 3173 - 75023?
-71740
In base 4, what is -1031031020 + 33?
-1031030321
In base 14, what is 86c6c + -64?
86c08
In base 5, what is 2033220110 + -233?
2033214322
In base 10, what is 2 - 4968492?
-4968490
In base 5, what is -3 - -3413443043?
3413443040
In base 6, what is 1415 - 1034342?
-1032523
In base 11, what is -1074608 + 13?
-10745a5
In base 12, what is -170395 + 279?
-170118
In base 14, what is 143 - -16d16?
17059
In base 16, what is -6 - -1f9c1?
1f9bb
In base 10, what is 15927 + 20222?
36149
In base 7, what is -13261 + 210214?
163623
In base 8, what is 232146 - -3273?
235441
In base 10, what is -17868692 - 5?
-17868697
In base 8, what is 6 - 2416336?
-2416330
In base 14, what is 318476 - 2?
318474
In base 6, what is -4 + 52334051424?
52334051420
In base 15, what is -70854638 + -1?
-70854639
In base 10, what is 5 - -1465821?
1465826
In base 10, what is 56 + 264008?
264064
In base 6, what is -1 + 20101134220?
20101134215
In base 9, what is 864 + 1607427?
1608402
In base 7, what is -21044 + 4012?
-14032
In base 13, what is -582859 + -3?
-58285c
In base 6, what is 422 - -3115522?
3120344
In base 15, what is 261a66 + 54?
261aba
In base 3, what is -210121201 - -1202200?
-201212001
In base 13, what is -38590 - c5?
-38685
In base 2, what is -111 - 10001011001000101?
-10001011001001100
In base 13, what is 5 + 20ab3a98?
20ab3aa0
In base 11, what is -5108824 + 29?
-51087a6
In base 13, what is 2161b6 - 119?
21609a
In base 3, what is -201 - -212100112212?
212100112011
In base 7, what is 10415 - 153?
10232
In base 11, what is -2197341a - 5?
-21973424
In base 15, what is -40ca369 + c?
-40ca35c
In base 7, what is -141163404 + -3?
-141163410
In base 12, what is -4 + -470103?
-470107
In base 5, what is 121233334 - 14?
121233320
In base 3, what is 221100122112 - -1002?
221100200121
In base 2, what is 101 + 11010100011000100010011000?
11010100011000100010011101
In base 16, what is -3 + 549dfad?
549dfaa
In base 12, what is 11 + 12755b?
127570
In base 9, what is -424066 - 2?
-424068
In base 9, what is 3358 + 31?
3400
In base 3, what is -10210212002110 + -1021?
-10210212010201
In base 15, what is -342 + -33318?
-3365a
In base 5, what is 2 + 311012020343?
311012020400
In base 9, what is 80115 - 178?
78826
In base 11, what is -1501 - 51548?
-52a49
In base 5, what is 203102311420 - -11?
203102311431
In base 14, what is 3358 + 1587?
4901
In base 9, what is 1634 + -563551?
-561816
In base 12, what is -1342318 + 4?
-1342314
In base 9, what is -45 - -48024302?
48024246
In base 15, what is -1 + -1543d86?
-1543d87
In base 4, what is -320202 + 3302113?
2321311
In base 7, what is 430 + 3331521?
3332251
In base 2, what is -1111010001101 - 1010110000011?
-11010000010000
In base 9, what is 240744 + -567?
240166
In base 14, what is -20ca - 1965?
-3a51
In base 15, what is 6 - -7b4a0?
7b4a6
In base 15, what is 28ca + -5a?
2870
In base 4, what is 200321120100 + 13?
200321120113
In base 12, what is -1924 + -9089?
-a9b1
In base 2, what is -1101100010011011 + -1000010101?
-1101101010110000
In base 10, what is 15531247 - -9?
15531256
In base 3, what is -101112 + -201022?
-1002211
In base 6, what is 2104 + -10312444?
-10310340
In base 11, what is -36 - 2995971?
-29959a7
In base 13, what is 64243 - b7?
64159
In base 4, what is -2120001223 - 2320?
-2120010203
In base 12, what is 0 - 10a873b8?
-10a873b8
In base 4, what is -1302013 + 23233130?
21331111
In base 14, what is 2990 + -34b5?
-925
In base 16, what is -3 + ce4b57?
ce4b54
In base 7, what is -524121 + 1056?
-523032
In base 8, what is -735366340 + -1?
-735366341
In base 8, what is -2456 + 64437?
61761
In base 10, what is 276572 - -221?
276793
In base 11, what is -92a8319 + 4?
-92a8315
In base 7, what is -42340355 - 4?
-42340362
In base 6, what is -2443441201 - -1?
-2443441200
In base 6, what is -123422222 + 21?
-123422201
In base 3, what is 220 + -10010112120001?
-1001011211